110592?
54
Calculate the greatest common divisor of 135 and 625.
5
What is the greatest common divisor of 1450 and 46675?
25
What is the highest common factor of 560 and 1170960?
560
What is the highest common factor of 65093 and 425?
17
What is the highest common divisor of 51750 and 460?
230
What is the greatest common factor of 837 and 1085?
31
What is the greatest common divisor of 13101 and 237009?
1191
What is the highest common factor of 7376 and 216?
8
What is the greatest common factor of 24985 and 380?
95
What is the highest common factor of 151920 and 720?
720
Calculate the highest common divisor of 91749 and 378.
21
Calculate the greatest common factor of 40 and 3389280.
40
Calculate the greatest common divisor of 183388 and 1083.
361
What is the highest common factor of 338 and 301327?
169
Calculate the greatest common divisor of 88 and 14648.
8
Calculate the greatest common factor of 43080 and 240.
120
Calculate the highest common divisor of 250 and 130.
10
Calculate the greatest common factor of 51220 and 1820.
260
Calculate the greatest common factor of 10470 and 150.
30
What is the highest common factor of 18 and 1093023?
9
Calculate the highest common divisor of 8603 and 14.
7
Calculate the highest common factor of 173280 and 6560.
160
Calculate the highest common factor of 43547 and 63.
7
Calculate the greatest common divisor of 303 and 1734877.
101
Calculate the greatest common divisor of 198 and 78111.
99
Calculate the highest common divisor of 182 and 72184.
14
Calculate the highest common factor of 14792 and 2322.
86
What is the highest common divisor of 112 and 3934?
14
What is the greatest common divisor of 455192 and 5032?
136
Calculate the highest common divisor of 462 and 8.
2
What is the highest common divisor of 141 and 186?
3
What is the highest common factor of 3072 and 129?
3
What is the highest common factor of 161365 and 1475?
295
What is the greatest common divisor of 76444 and 87?
29
Calculate the highest common divisor of 9894 and 222.
6
Calculate the highest common divisor of 1470 and 222.
6
Calculate the highest common factor of 17550 and 5499.
117
Calculate the highest common factor of 3382 and 703.
19
What is the highest common divisor of 17388 and 40446?
378
What is the greatest common factor of 4465 and 7600?
95
Calculate the greatest common divisor of 5632 and 968.
88
Calculate the highest common divisor of 65057 and 8739.
971
What is the greatest common factor of 112282 and 2945?
31
Calculate the highest common divisor of 10324 and 1513.
89
What is the greatest common factor of 249472 and 256?
128
Calculate the highest common factor of 9362 and 4228.
302
What is the greatest common factor of 244 and 35990?
122
What is the greatest common divisor of 161825 and 225?
25
What is the highest common divisor of 198208 and 532?
76
What is the greatest common divisor of 322 and 98693?
161
Calculate the highest common divisor of 10411 and 609.
29
What is the highest common factor of 3472 and 7037?
31
What is the greatest common divisor of 101296 and 1144?
104
Calculate the highest common factor of 8173 and 587713.
743
Calculate the greatest common divisor of 754 and 6467.
29
What is the highest common divisor of 12882330 and 9?
9
What is the highest common factor of 11975 and 2874?
479
What is the highest common divisor of 51 and 59636?
17
Calculate the highest common divisor of 465 and 2535.
15
Calculate the greatest common divisor of 479537 and 1533.
73
What is the greatest common factor of 649 and 275?
11
What is the highest common divisor of 312 and 871?
13
Calculate the greatest common factor of 30 and 960.
30
What is the highest common factor of 20562 and 161814?
894
What is the highest common divisor of 3 and 8983?
1
Calculate the highest common divisor of 28863 and 505637.
1069
Calculate the highest common factor of 11688 and 8.
8
What is the greatest common factor of 628 and 105661?
157
Calculate the highest common divisor of 363859 and 197.
197
What is the highest common divisor of 14144 and 376142?
442
Calculate the highest common divisor of 595170 and 10710.
1530
Calculate the greatest common divisor of 3870 and 3690.
90
What is the highest common divisor of 88684 and 20?
4
What is the highest common divisor of 120 and 198030?
30
Calculate the greatest common factor of 28158 and 906.
6
Calculate the greatest common divisor of 155 and 753765.
155
What is the greatest common factor of 40203 and 5697?
27
What is the greatest common factor of 5872 and 31616?
16
Calculate the greatest common factor of 39690 and 7884.
54
Calculate the highest common factor of 4655 and 441.
49
What is the greatest common factor of 144504 and 5400?
216
Calculate the highest common divisor of 51 and 167807.
17
Calculate the greatest common divisor of 1973695 and 5.
5
Calculate the highest common divisor of 8211 and 816.
51
Calculate the greatest common divisor of 443831 and 1058.
529
What is the greatest common factor of 234 and 5124366?
234
What is the highest common factor of 498 and 1754454?
498
Calculate the greatest common factor of 53785 and 62.
31
Calculate the greatest common divisor of 7084 and 17388.
644
Calculate the greatest common divisor of 4110702 and 191.
191
Calculate the greatest common factor of 168 and 1285137.
21
What is the highest common divisor of 72 and 227583?
9
What is the highest common factor of 498980 and 2440?
1220
What is the greatest common factor of 85 and 77656?
17
Calculate the highest common factor of 995063 and 317.
317
What is the highest common factor of 53418 and 307?
307
What is the greatest common divisor of 1076 and 5296072?
1076
Calculate the highest common divisor of 118 and 74.
2
What is the greatest common factor of 1005 and 566619?
201
What is the highest common divisor of 403 and 263432?
13
What is the highest common factor of 578 and 97393?
289
Calculate the highest common divisor of 17688 and 15576.
264
What is the highest common divisor of 845 and 276146?
169
Calculate the highest common factor of 39173 and 473.
43
Calculate the greatest common factor of 62100 and 1104.
276
What is the highest common divisor of 2656 and 152?
8
Calculate the greatest common factor of 190268 and 52.
52
Calculate the highest common factor of 55878 and 4170.
834
Calculate the greatest common factor of 1581 and 1836.
51
Calculate the greatest common factor of 876520 and 10880.
680
What is the greatest common divisor of 33 and 3522?
3
Calculate the highest common divisor of 252954 and 234.
234
What is the greatest common factor of 2390 and 790?
10
What is the greatest common divisor of 3877240 and 80?
40
Calculate the greatest common divisor of 223836 and 276.
276
What is the greatest common divisor of 3345921 and 27?
27
Calculate the highest common divisor of 286446 and 6.
6
What is the highest common factor of 2798225 and 817?
817
Calculate the highest common factor of 70890 and 8670.
510
Calculate the highest common divisor of 1635 and 2070.
15
Calculate the greatest common divisor of 249119 and 13.
13
Calculate the greatest common divisor of 190 and 88255.
95
Calculate the highest common factor of 640 and 718880.
160
What is the greatest common factor of 20808 and 1445?
289
What is the highest common divisor of 26 and 1489176?
26
What is the greatest common divisor of 1780999 and 718?
359
Calculate the greatest common factor of 92948 and 133.
19
Calculate the greatest common factor of 110 and 3982.
22
Calculate the highest common factor of 830 and 77024.
166
What is the greatest common divisor of 92 and 39353?
23
What is the greatest common divisor of 76146 and 12?
6
What is the highest common divisor of 23455 and 10?
5
What is the greatest common factor of 1175 and 2400?
25
What is the greatest common divisor of 52 and 138463?
13
What is the highest common factor of 10 and 39375?
5
Calculate the highest common factor of 2425 and 399155.
485
What is the highest common divisor of 819 and 19215?
63
Calculate the greatest common divisor of 21048 and 3912.
24
What is the highest common divisor of 2601 and 354?
3
Calculate the highest common divisor of 6511 and 289.
17
What is the greatest common factor of 101587 and 87?
29
What is the highest common divisor of 14660 and 2260?
20
What is 